
11
Let v = 265 + -237. What is the greatest common divisor of 4 and v?
4
Let q be -5*5/(5/(-2)). Let x be 2/(-5) - (-244)/q. Let o be ((-8)/12 + 0 - -2)*9. What is the greatest common factor of x and o?
12
Let g(l) = 2*l**2 - 6*l - 8. Let n be g(-4). Calculate the greatest common divisor of 27 and n.
3
Let a(t) = t**2 - 3*t + 12. Let s be a(9). Let r be s/(-4)*286/(-33). What is the greatest common factor of r and 11?
11
Let z = -182 - -300. What is the highest common divisor of 295 and z?
59
Suppose 303 - 133 = 10*r. What is the greatest common divisor of r and 187?
17
Let i(g) = -g**2 - g + 18. Let a be i(0). Let y be 6/4*456/a. Calculate the highest common factor of 38 and y.
38
Suppose -28*r = -27*r + 2*h + 4, 5*r = 5*h + 25. Calculate the highest common factor of 5 and r.
1
Let i(x) = 42*x - 17. Let c be i(5). Let w = 298 - c. Suppose -8*p = -3*p - w. What is the greatest common divisor of p and 7?
7
Suppose 0 = 3*d - 3 - 18. Let s(n) = 26*n - 15. Let h be s(8). Suppose d*g - h = 129. What is the highest common divisor of g and 69?
23
Let s(i) = -i**2 - 18*i + 8. Let q be s(-16). Let t be (-42)/8*q/(-6) + -2. What is the highest common divisor of t and 22?
11
Suppose p = 8 - 0. Let d = 212 - 196. What is the greatest common divisor of p and d?
8
Let a = -414 + 738. What is the greatest common divisor of a and 36?
36
Let h = 115 + -97. Calculate the highest common factor of h and 234.
18
Let c be (-1)/1*(1 + -3). Suppose -5*z = 2*v - 57, -c*v + z = -0*z - 75. Let p(s) = 3*s - 2. Let m be p(2). What is the highest common factor of v and m?
4
Suppose 2123 = 4*i - 5*d, -5*i - 3*d = -1616 - 1010. Calculate the highest common factor of i and 17.
17
Suppose 24*b = 23*b + 20. Let x = 17 - -13. Calculate the highest common factor of b and x.
10
Suppose -1262 - 1330 = -27*m. What is the highest common factor of 336 and m?
48
Suppose -6 = -3*z + 4*s + 32, 5*s = -3*z - 7. Let w(k) = -k - 6. Let h be w(z). Let a be (h/(-8))/((-4)/(-40)). What is the highest common factor of a and 3?
3
Suppose 5*g + 4*b = 7*b + 10380, 0 = -2*b. What is the greatest common divisor of 12 and g?
12
Suppose -3*f = -0*f - 159. Suppose 0 = -3*o - z - z + f, -z = -o + 11. What is the highest common divisor of 75 and o?
15
Let v be ((-11)/(165/24))/((-2)/230). Suppose p - 29 = -g, 3*g - v = -5*p - 31. What is the highest common factor of 55 and p?
11
Suppose 2250 + 1061 = 11*o. Calculate the highest common divisor of o and 21.
7
Suppose 65*k - 2530 = 55*k. Calculate the greatest common factor of k and 23.
23
Suppose -3*o = -3*i - 21, -o - i + 23 = -6*i. Suppose -o*r = -1 - 14. Let d be ((-60)/16)/(3/(-36)). What is the greatest common factor of r and d?
5
Suppose -u = -4*u - 63. Let v = 33 + u. Let j(t) = t**3 - 13*t**2 + 12*t + 15. Let p be j(v). Calculate the greatest common factor of p and 135.
15
Suppose n = 2*j - 6, 0 = j + 4*n - 0*n - 12. Suppose -5*i = b - 37, j*b - 6*i + i = 273. Calculate the highest common divisor of 31 and b.
31
Suppose -1100 = 62*a - 66*a. What is the greatest common factor of a and 11?
11
Let u be 18/4*2/1. Let x be ((-38)/(-3))/((-2)/6). Let v = x - -39. What is the highest common factor of u and v?
1
Suppose -12 = -w + 5*x, 2 = 3*w - 4*x - 12. Let q be 1*(0 - (w + -2)). Suppose 0*v = g - 3*v - 18, q = 2*v. Calculate the greatest common factor of 27 and g.
9
Let w(b) = -2*b**3 - 11*b**2 + 4*b + 6. Let z be w(-6). What is the greatest common factor of z and 174?
6
Let f be (1 - -55)/(7 - 5). Let i = 84 - f. Suppose -i = -2*g + g. What is the greatest common factor of 7 and g?
7
Let t(b) be the first derivative of -b**3/3 - 6*b**2 - 12*b + 18. Let h be t(-10). Calculate the highest common factor of h and 1.
1
Suppose -5*i + 2019 = 2*o, 0 = -2*o - 1 - 5. Suppose -i = -3*c + 120. Calculate the highest common factor of c and 35.
35
Let n be (2/2 - 6/3) + -71. Let v = -40 - n. Calculate the highest common divisor of 80 and v.
16
Suppose -3*z + 2*w = -7*z + 18, -z - 8 = -2*w. Let c be ((-1)/z)/(2 + (-1009)/504). What is the highest common divisor of 28 and c?
28
Let a = 11 - 16. Let t = 17 + a. Calculate the highest common divisor of t and 84.
12
Let i(w) = -w**3 - 4*w**2 + 2*w - 12. Let a be i(-5). Suppose -4 = 7*k - a*k. Let l be (5/(-1))/(k/6). What is the highest common divisor of l and 3?
3
Let r be 2/14 + 1553/7*1. What is the greatest common divisor of r and 12?
6
Let o(m) = m**3 + 14*m**2 - 4*m + 23. Let w be o(-13). Suppose -4*x + 3*c = -312, -w + 10 = -3*x - 3*c. What is the greatest common factor of x and 52?
26
Let c be 4/12 - 269/(-3). Suppose 2*i + i = -c. Let b = i - -50. Calculate the greatest common factor of b and 4.
4
Let y(x) = 4*x + 9. Let w be y(10). Suppose 5*c - w = 26. What is the greatest common factor of 10 and c?
5
Let j = 8 + -65. Let x = j - -80. What is the greatest common divisor of x and 184?
23
Suppose -4*c = -t + 17, 2*c - c + 5*t - 1 = 0. Let g(y) = -y**3 - 3*y**2 + 2*y. Let l be g(c). What is the greatest common divisor of 88 and l?
8
Let g be 5 - 2 - (-258 - 4). Let w = g + -166. Let u = -10 + 19. What is the highest common divisor of u and w?
9
Suppose -61*j + 25953 = -4547. What is the highest common divisor of 20 and j?
20
Let m = -174 - -252. Let k = m + -72. Calculate the highest common divisor of k and 6.
6
Let k = 6 - -2. Suppose 22*f - 5*w + 3 = 15*f, -10 = -5*w. What is the highest common factor of k and f?
1
Let d = 12 - 19. Let b be 2/(-7) + (-2)/d. Suppose b*x + 2 = 2*x. What is the greatest common factor of x and 11?
1
Let o be ((-3795)/10)/(-11) - 12/(-8). Calculate the greatest common divisor of 747 and o.
9
Let x = -29194 + 29244. Let k(j) = 0*j + 0*j + 9*j**2 - j. Let v be k(-1). Calculate the greatest common factor of v and x.
10
Suppose 3*j - 4 = -j. Let w be (-1 + 1)/((-11)/(22/8)). Suppose -z + 2 + j = w. What is the greatest common factor of z and 3?
3
Let r(g) = -g**2 + 15*g + 1. Let b be r(15). Suppose -17 = -o - 4*d - b, -5*o - 2*d + 98 = 0. Calculate the highest common divisor of 140 and o.
20
Let j = 1605 + -1583. What is the highest common divisor of 165 and j?
11
Let a(w) = -10*w**3 - w**2 - 2*w - 5. Let b be a(-3). Suppose -2*c + b = -50. Calculate the highest common divisor of 12 and c.
12
Suppose -33*b = 55 - 253. Calculate the greatest common factor of b and 213.
3
Suppose 0 = 5*h + s - 74, -s - 29 = -3*h + 9. What is the highest common factor of h and 658?
14
Let y(g) be the third derivative of 13*g**4/24 - 7*g**3/6 + g**2 + 6*g. Let w be y(5). What is the highest common factor of w and 145?
29
Let t(b) = -b**3 - b**2 + 4*b + 2. Suppose 5*w + 18 = -w. Let p be t(w). Let n = -26 - -58. Calculate the highest common factor of n and p.
8
Let t = 11 - 11. Suppose 3*u - 4*i - 36 = t, 0*u - 5*i + 36 = 3*u. What is the highest common factor of u and 8?
4
Let f(v) = 13 - v**3 - 12 + 9*v**2 + 5. Let s be f(9). What is the greatest common factor of 3 and s?
3
Suppose 2*c - 6*c = 2*i - 12, -c = -i + 12. Calculate the greatest common factor of 100 and i.
10
Suppose 33 = -4*a - 0*a + t, 4*t = -a - 21. Let f be (9/12)/(a/(-24)). Let o be -2 - (-44 + (0 - f)). What is the highest common divisor of 11 and o?
11
Let m = -324 - -419. Calculate the highest common divisor of m and 20.
5
Suppose -k - 3*x = -2*x + 2, 3*k = -x - 2. Suppose k = -4*b + 48 - 12. What is the greatest common factor of 12 and b?
3
Suppose -757 + 661 = -12*k. What is the greatest common divisor of 26 and k?
2
Suppose -100 = 4*q - 404. What is the greatest common factor of q and 95?
19
Suppose i - y = 94, 4*i + 4*y + 0*y - 344 = 0. What is the highest common divisor of 120 and i?
30
Let z(l) = -l**3 + 13*l**2 - 9*l - 13. Let a be 15 - -2 - 2 - (3 + 0). Let g be z(a). What is the highest common factor of g and 161?
23
Let f be 3/12 - (-441)/12. Suppose -5*y = 4*q - 98, -3*y + f = -2*y - 5*q. Let p be 3/(1 - 20/y). Calculate the greatest common factor of p and 3.
3
Let n = -11 - -16. Let k be 59/3 - (-1)/3. Suppose -4*y = -3*y + 2*m - k, -4*y - m = -80. What is the greatest common divisor of y and n?
5
Let g = 46 - 187. Let b = 149 + g. What is the highest common divisor of b and 6?
2
Let i be ((-4)/12)/(1/(-18)). Suppose -3*l + i*l - 12 = 0. Suppose -x - 45 = -l*y, 3*y - 35 = -0*y + x. Calculate the greatest common divisor of